n divisor of 5 and m?
5
Let s = -4 - -21. Calculate the greatest common divisor of 17 and s.
17
Suppose 4*n + 3*d - 123 = 2*d, 2*n + 4*d = 72. Let u(g) = g**3 - 10*g**2 + 10*g + 6. Let f be u(9). Calculate the greatest common divisor of n and f.
15
Let h be -16 - -16 - -8*1. Let b be h/20 + 126/10. What is the highest common divisor of 13 and b?
13
Let f(q) = -2*q + 15. Let d be f(7). Calculate the greatest common divisor of d and 11.
1
Suppose -5*n = 4*t + t, 16 = 3*n - 5*t. Suppose -36 = -2*x - n*x. Let c(v) = -v + 45. Let s be c(0). What is the greatest common factor of x and s?
9
Let c = 45 - 17. Calculate the highest common factor of 70 and c.
14
Let b be (1 - 1)/((-4)/(-2)). Suppose b*q + 5*q + 2*h = 184, 0 = -2*q - h + 74. Calculate the highest common divisor of q and 90.
18
Suppose -10 = -z - 3. Suppose 5*f + 30 = 3*p - z, -2*p = -3*f - 24. Calculate the highest common divisor of p and 18.
9
Let c = -27 + 79. What is the greatest common factor of 13 and c?
13
Suppose 0 = 3*z + k - 10, 2*k + 4 = 3*z - 21. What is the greatest common divisor of 10 and z?
5
Let q(k) = k**3 - 10*k**2 + 16*k + 6. Let b be q(9). What is the highest common divisor of b and 46?
23
Let y = 44 + -25. Suppose 0 = -0*k + 4*k - 684. Calculate the greatest common divisor of k and y.
19
Suppose -6*p - 56 = -10*p. What is the greatest common divisor of 112 and p?
14
Let u be 4 - (-1 + -1)*-1. Suppose -u*v + 4*v - 3*q - 14 = 0, 9 = v - q. Suppose 0 = 3*z - 8*z + 715. What is the highest common factor of v and z?
13
Let k be 2/4 - (-17)/2. Let j be (-5)/(45/6)*k. Let z(g) = g**3 + 6*g**2 - g - 4. Let f be z(j). Calculate the highest common factor of 4 and f.
2
Let j(n) = 9*n**3 - 6*n**2 + 7*n - 5. Let v be j(4). Let d = -323 + v. Calculate the highest common divisor of d and 20.
20
Suppose 24 = 9*a - 3*a. What is the greatest common factor of 20 and a?
4
Let t(j) = -3 - 3 - 4 + 2 - 2*j. Let f be t(-6). Suppose -k = 2*q - 29, f*q = -2*k + 2*q + 52. What is the greatest common factor of k and 23?
23
Suppose -j + 64 = 3*j. What is the highest common factor of 64 and j?
16
Suppose -w - 3*w = -32. Let f = w - 3. Suppose -5*y + f + 5 = 0. What is the highest common factor of 16 and y?
2
Let l(n) = n**2 + 12*n - 1. Let x be l(-13). Let b(k) = k**2 + 5. Let u be b(5). Calculate the highest common factor of x and u.
6
Suppose 0*m + 5*m - 1395 = 0. Calculate the greatest common factor of 31 and m.
31
Suppose 0*r + r - 7 = 0. Suppose -2*m = 4*s - 14, 3*m + 0*m - s - r = 0. Calculate the highest common factor of 21 and m.
3
Let f be (3/(-2) - -1)*-10. Suppose -j = -f*j + 16. Suppose 0 - 16 = -j*d. What is the highest common divisor of d and 1?
1
Let w(h) = -h**3 + 4*h**2. Let g be w(3). What is the greatest common factor of 99 and g?
9
Suppose -4*u + 2*s = -10, -u - 4*s + 15 = -7*s. Suppose 3*x = -u*x + 39. Calculate the greatest common divisor of 65 and x.
13
Let j(s) = 2*s**3 + 7*s**2 + 4*s - 1. Let n be j(-4). Let h be ((-11)/n)/(2/78). Let t = 69 - 17. Calculate the greatest common factor of t and h.
13
Let u be 115/25 + (-6)/10. Calculate the highest common factor of u and 28.
4
Suppose 5*p - 32 = -7. Suppose -k + 2*k + 4 = -4*s, -3*k = 5*s + p. Let d be -3*((-8)/(-6))/s. What is the highest common divisor of d and 16?
4
Let t be 2/4 + (-84)/8. Let w be (6/15)/(2/t). Let j be (1*w - -3) + 2. What is the highest common factor of j and 1?
1
Suppose 8*y = 3*y. Suppose -3*o + y*o + 3*a = 6, 5*o = -5*a + 40. Suppose 3*b = -v + 48, 3*b - v = v + 39. Calculate the greatest common divisor of b and o.
3
Let n be (-2)/7 - 69/(-21). Suppose 5*g + n*j = -508, 0*j + 524 = -5*g + j. Let x be g/(-18) - 4/(-18). What is the highest common divisor of x and 42?
6
Suppose -5*t + 162 = -18. Suppose 2*v + 2*k - 106 = 0, 4 = -4*k - 0*k. What is the highest common factor of t and v?
18
Let b = 5 + -3. Calculate the greatest common factor of 16 and b.
2
Let j be 6/9 + 2/6. Let f = 0 - j. Let t be (f/(-2))/(6/132). What is the greatest common factor of 55 and t?
11
Suppose -16 = -2*p - 0*p. Let x = 18 + -10. What is the highest common factor of p and x?
8
Let k = 14 + 31. What is the greatest common divisor of 15 and k?
15
Let x = -113 + 17. Let l = 147 + x. What is the greatest common factor of 34 and l?
17
Let y(s) = 2*s - 6. Let p be y(4). Suppose -p*j = -3*j - 5, -295 = -5*o - j. Calculate the greatest common factor of 20 and o.
20
Let h be 7/((-21)/6) + 19. Calculate the highest common factor of h and 85.
17
Suppose -4*d = -0*d - 252. Let t(j) = -j**2 + 5*j - 4. Let k be t(4). Suppose k = -g + 9. What is the highest common factor of d and g?
9
Let h(f) = -f**3 - 5*f**2 - 3*f + 1. Let c be h(-3). Let j = c - -34. What is the greatest common divisor of 39 and j?
13
Suppose 2*z - 5*z - 33 = 0. Let r = 25 + z. Calculate the greatest common divisor of r and 112.
14
Suppose -9 = -2*g - g. Suppose 5*o = 5*k + g*o - 332, -3*o = 3. What is the greatest common divisor of 11 and k?
11
Let t(k) = k**2 - 8*k + 27. Let o be t(5). Calculate the greatest common factor of 348 and o.
12
Let f(s) = s**2 - 4*s - 2. Let k be f(-4). What is the greatest common divisor of 105 and k?
15
Let p(l) = l**2 + 2*l. Suppose 2 = -3*k - 7. Let o be p(k). Suppose 0*t + 14 = w + 2*t, 4*w + o*t = 66. Calculate the highest common factor of 6 and w.
6
Let t = 8 - 8. Let j = 0 - t. Suppose -2*w + n + 86 + 27 = j, 3*n = 3*w - 177. Calculate the highest common factor of 18 and w.
18
Suppose 2*b - 755 = -5*a + b, 3*a - 461 = b. What is the highest common divisor of 19 and a?
19
Suppose -k + 2 = -5. What is the highest common divisor of 35 and k?
7
Let g be (24/(-32))/(1/8). Let a = g - -8. Suppose a*v = 5 - 1. What is the greatest common factor of v and 4?
2
Suppose -3 = -u - 1. Suppose -3*o + 75 = -3*x, 0 = u*o + 4*x - 10 - 52. Suppose -7*s = -70 + 7. Calculate the greatest common divisor of o and s.
9
Suppose -5*p + 20 + 20 = 0. Let u be 2/(-8) + 5/20. Let s = 1 + u. Calculate the greatest common factor of s and p.
1
Suppose 4*f - 96 = -3*g, -6 + 102 = 3*g - 5*f. Calculate the highest common factor of g and 8.
8
Let z be -2*(-1)/(-2) - 57/(-1). What is the greatest common divisor of 16 and z?
8
Suppose 0 = 3*f, 0 = 2*p + p + 2*f. Let u be p - (6/(-2))/3. Let t be 17/u + 4 + -5. What is the highest common divisor of 4 and t?
4
Let g(j) = -j**2 - 7*j + 13. Let t be g(-8). Calculate the highest common divisor of t and 55.
5
Let w be 134/6 + (-3)/9. What is the greatest common divisor of 11 and w?
11
Let i(n) = n**3 - 3*n**2 + 3*n - 3. Suppose -3*t = -4*t + 3. Let s be i(t). Let o(k) = 18*k**2. Let f be o(1). Calculate the greatest common divisor of s and f.
6
Suppose h + 5 = l, -2*l + 3*h + 0*h = -12. What is the highest common factor of l and 15?
3
Let j be 5/(-10)*188/(-2). Suppose -j - 61 = -4*l. What is the greatest common divisor of l and 9?
9
Suppose 19 - 3 = 5*s + 2*y, -2*s = 4*y - 16. Let q = -7 - -11. Suppose q*i + i - 114 = 2*o, -2*i + 38 = 3*o. Calculate the greatest common factor of s and i.
2
Let f = -16 + 160. What is the greatest common factor of 18 and f?
18
Suppose 10*m = 14*m - 52. Calculate the greatest common divisor of m and 65.
13
Let d = 21 - 17. Suppose 4*p - 240 = -d*p. Calculate the greatest common divisor of p and 210.
30
Suppose 15 + 15 = d. Let z be 444/22 + ((-60)/(-55))/(-6). Calculate the highest common factor of z and d.
10
Suppose 0 = 5*j - 3*j - 10. Let d(s) = -10*s - 5. Let u be 5/((-15)/18)*1. Let y be d(u). Calculate the greatest common factor of y and j.
5
Let g be (-8)/((-2)/(-1)) - 2. Let s be 4/(-6) - 34/g. Suppose -2*z - 3*z + s*m = -330, -z + 62 = 3*m. What is the greatest common divisor of z and 26?
13
Suppose -a + 12 = 7. What is the greatest common divisor of 5 and a?
5
Let w = 22 - -6. Let d be -3*((-6)/(-3) + 3). Let m be 6/d - 44/(-10). What is the highest common divisor of m and w?
4
Let k(x) = 5*x - 2. Suppose -3*u = -9 - 9. Let n be k(u). Calculate the highest common divisor of n and 42.
14
Let h(r) = r**3 + 9*r**2 + 0*r**2 - r - 8*r**2 + 9. Let v be h(0). What is the highest common divisor of 6 and v?
3
Let m = 10 + -44. Let y = 16 + m. Let v be (-12)/y - (-34)/3. Calculate the highest common divisor of v and 4.
4
Let s = -1 + 5. Let v(x) = x + 9. Let a be v(-5). What is the great